uppose -2*s = 2*r - 3*s + v, 0 = 3*s - 6. Let b(l) = -l**2 - 3*l - 4. What is b(r)?
-4
Let c(g) = -g + 9. Let u(x) = -x**3 + 2*x**2 + x + 3. Let y be u(3). Let j be -1*(y - -13)/(-2). Give c(j).
4
Let p = -26 + 21. Let b(v) = v**3 + 6*v**2 + 3*v - 3. Calculate b(p).
7
Let k be (4/(-4))/(-3)*-3. Let i(q) = -q**2 - 1. Determine i(k).
-2
Let w(o) be the second derivative of 3*o**5/2 - o**2/2 + 45*o. Give w(-1).
-31
Let r(z) be the second derivative of -z**3/3 + 2*z**2 - 7*z. Let u be 3*(-4 - -9)/5. What is r(u)?
-2
Let r = 8 + 13. Let a = 15 - r. Let c(x) = -x**3 - 5*x**2 + 5*x - 3. What is c(a)?
3
Suppose 4*u - 4*o - 25 = -1, 4*o + 14 = -u. Suppose u*y - 5*y = -15. Let f(n) = -4 + 3*n**3 - 4*n**3 - 1 + 5*n**2. Calculate f(y).
-5
Let b(m) = -38*m + 2 - 5 + 39*m. Let y(u) = u - 16. Let n(p) = -1. Let z(d) = -6*n(d) + y(d). Let r be z(7). Determine b(r).
-6
Let k be (-9)/6 + 43/2. Suppose 5*i = -3*u + 12, -2*i + k = 3*i - 5*u. Let m(f) = -f - 12*f**2 + 9*f**2 + 3 + 4*f**2. Give m(i).
9
Let b(h) be the third derivative of -h**4/24 + h**3/2 + 26*h**2. What is b(-5)?
8
Let q(y) = y**2 + 7*y + 8. Let a be q(-4). Let c(h) = h**2 + 6*h + 6. What is c(a)?
-2
Let b(z) = 13*z**3 - z**2. Suppose 5*l = -0 + 5. Calculate b(l).
12
Let g(a) be the second derivative of 5*a**4/6 - a**3/6 + 3*a. Calculate g(-1).
11
Let s(c) = 3*c - 4*c**2 + c**2 + 3*c**2 - 1 - c**2. Let u = 1 - -3. Determine s(u).
-5
Let b(m) = m**2 - m. Let x = 1 + 4. Suppose -x*g = -g - 8. Give b(g).
2
Let p(l) = 2*l**3 - 2*l**2 - 8*l + 2. Let s(t) = t**3 - t**2 - t. Let a(h) = -p(h) + 5*s(h). Calculate a(2).
16
Suppose 0 = 4*d - 3*d + 2. Let g(o) = o + 4*o**3 + 0*o**3 - 2*o**3 + 3*o**2. Give g(d).
-6
Let j(l) be the second derivative of l**3/6 + 3*l**2 + l. Suppose 4*w = -16, y - 2*y - 2*w = 3. Suppose 4 = r - y*u - 18, -7 = -r + 2*u. What is j(r)?
3
Suppose 0*b - 4*b + 32 = -5*j, b + 5*j = -17. Let m(x) be the third derivative of 0*x - 2/3*x**b - 1/12*x**4 + 0 + 2*x**2. Calculate m(-4).
4
Let p(u) be the first derivative of u**4/4 - 2*u**3/3 - u**2/2 + u - 8. What is p(3)?
7
Let o(w) = -w**3 + w + 1. Let z(y) = -1 + 2*y**2 + 2 - 3*y**2. Let r be (12/(-30))/(4/(-10)). Let n be z(r). Give o(n).
1
Let m(n) = -3*n + 2. Let h(v) = -v - 13. Let a be h(-10). Let p = 1 + a. Calculate m(p).
8
Suppose 6*l = 5*l. Let c(x) = -13*x + 29. Let y(u) = 3*u - 7. Let s(j) = -2*c(j) - 9*y(j). Give s(l).
5
Let w(n) = -5*n**3 - 4*n**2 - n + 4. Let m(s) = 11*s**3 + 8*s**2 + 2*s - 9. Let p(a) = 4*m(a) + 9*w(a). Let v(y) = y**3 + 4*y**2 - 3. Let u be v(-4). Give p(u).
-6
Let j(u) = u - 9 + 5*u + 1 + u**2 + 0*u. Calculate j(-6).
-8
Let g(m) = 1. Let w(k) = k**2 - 4*k + 7. Let y(x) = -4*g(x) + w(x). Give y(4).
3
Let v(g) be the first derivative of -g**2/2 + 2*g + 20. Let d be (-60)/(-14) - 4/14. What is v(d)?
-2
Let r(z) = -z**2 + z + 1. Suppose 0 = -v + 2*v. Suppose v = l + 1. Give r(l).
-1
Let x(y) = 2*y**2 + 4*y + 5. Let q(l) = -3*l**2 - 5*l - 6. Let g(m) = -3*q(m) - 4*x(m). Let u be (-12)/(-7) + (-2)/(-7). Calculate g(u).
0
Let g(h) = h**3 + 5*h**2 - 3. Suppose -5*l - k = -21, 5*l + 2*k - 27 = -5. Suppose 4*z = -l - 16. Determine g(z).
-3
Let q(m) be the first derivative of m**4/24 + m**3/6 - 3*m**2 + 2. Let l(w) be the second derivative of q(w). Determine l(1).
2
Let p be -2*(3 - (21/6 + -3)). Let c(i) = i + 4. What is c(p)?
-1
Let i(f) = 2 - f - 2. Suppose 3*l = -4*v + 19, 5*v - 7*l + 3*l = 16. What is i(v)?
-4
Let c(f) = 5 - 2 + 2*f - 2 - f**3. Let v = 20 + -9. Suppose -2*g + u - 2 = -3, v = g - 4*u. Give c(g).
0
Let h be 5*(4/(-14) - 64/70). Let f(y) = y + 8. Give f(h).
2
Let w(j) = -66*j - 51. Let t(n) = 5*n + 4. Let v(z) = 27*t(z) + 2*w(z). Calculate v(-7).
-15
Let u(g) = g**2 - 5*g + 1. Suppose 43 + 11 = 9*q. Give u(q).
7
Let p(k) = k - 6. Let s be 1/((-28)/(-24))*-7. Give p(s).
-12
Let x = 11 + -7. Suppose x = -5*n + 2*d, 2*d + d = -2*n + 6. Let j(g) = 0 + g**2 - 2 + n*g**2 + 1 - 5*g. Give j(4).
-5
Let w(x) = 15 + 2*x + 8 - 16. What is w(-6)?
-5
Let x(z) = -z**3 - 4*z**2 - 1. Let c be 6*-1*3/9. Determine x(c).
-9
Let i(r) be the first derivative of r**5/60 + r**4/3 - 7*r**3/6 + 3*r**2/2 - 9. Let u(a) be the second derivative of i(a). Give u(-8).
-7
Let w(p) = p**2 - 7*p. Let r(i) = -2*i**2 + 13*i + 1. Let c(v) = -3*r(v) - 5*w(v). Determine c(-2).
9
Suppose 7*t = -9 - 5. Let w(g) = g**3 + 3*g**2 + 3*g + 2. Determine w(t).
0
Let l(x) = 2*x + 2 - 6 - 3 + 3. Let o(r) = 3*r - 5. Let k(y) = 5*l(y) - 4*o(y). Calculate k(4).
-8
Let z(b) be the second derivative of -b**4/12 + 5*b**3/6 - b**2 + 10*b. Give z(4).
2
Let k be (-34)/(-4) - (-2)/(-4). Let t(j) = -j + 10. Let l be t(k). Let i(v) = 3*v - l*v - v**3 - 1 + 8*v**3. What is i(1)?
7
Let w(j) = -10 + 0*j + j + 8. Give w(-2).
-4
Suppose -6*j = -10*j. Let c(y) be the third derivative of 0*y + 1/24*y**4 + 1/6*y**3 + j - 2*y**2. What is c(-4)?
-3
Let b(o) = -o**2 - 4*o + 1. Let z = -8 + 4. Determine b(z).
1
Let d(f) = -3*f**2 - 23*f + 26. Let g(o) = o**2 + 8*o - 9. Let m(i) = 6*d(i) + 17*g(i). Let l(n) be the first derivative of m(n). Calculate l(4).
-10
Let o(s) = -2*s**2 - 10*s - 1. Suppose 4*v - 7 = 17. Let y(x) = x. Let m(c) = v*y(c) + o(c). Let t(u) = u**3 + 3*u**2 - 4*u - 3. Let n be t(-4). What is m(n)?
-7
Let x = 11 - 5. Let n(m) = -m**3 + 7*m**2 - 6*m - 3. Give n(x).
-3
Suppose 0 = -12*x + 16*x. Let v(y) be the second derivative of -1/12*y**4 - 3*y + x - 1/3*y**3 + 0*y**2. Determine v(2).
-8
Let h(z) = -2*z - 20. Let w be h(-6). Let c(d) = -d**3 - 7*d**2 + 8*d + 1. Determine c(w).
1
Let g(d) = d**3 + 4*d**2 - 4*d - 1. Suppose -b + 4 - 1 = 0. Let p be ((-15)/9)/((-1)/b). Suppose 3*y = 4*y + p. Calculate g(y).
-6
Suppose 0 = -4*j + k - 4 + 15, -2*j + 3 = -k. Let l(a) = 5 + 2*a + 4 - j - a**2. Calculate l(4).
-3
Let z(v) = -2*v + 6. Let w be z(6). Let k(s) = -23 + 28 + 2*s - s. Calculate k(w).
-1
Let w = 7 - 10. Let c(s) be the third derivative of s**6/120 + s**5/12 + s**4/8 + s**3/3 + 10*s**2. Calculate c(w).
11
Let t(b) be the first derivative of b**4/4 - 3*b**3 + 7*b**2/2 + 8*b + 26. Calculate t(8).
0
Suppose -2*y - 4*p + 11 = 3, p = y + 2. Let x(d) = -6*d**2 + 1 - 7 + y + 6*d + 5*d**2. Calculate x(4).
2
Let j(w) = -11*w**3 - 2*w - 1. Let c be j(-1). Suppose -4*b - c = -2*b. Let a(g) = g**2 + 5*g. Calculate a(b).
6
Suppose -4*x - 17 = 5*k, 8*k = 5*x + 4*k - 30. Let p = 1 - x. Let s(c) be the second derivative of c**5/20 - c**2/2 + c. Calculate s(p).
-2
Let z = -3 - 0. Let y(s) be the third derivative of s**6/360 - s**4/24 + s**3/6 + s**2. Let x(o) be the first derivative of y(o). Calculate x(z).
8
Let a(u) be the first derivative of -u - 3 + 3*u**2 + 5/12*u**4 + 1/20*u**5 + 0*u**3. Let r(l) be the first derivative of a(l). What is r(-5)?
6
Suppose 4 = 3*k - 2. Suppose -k*g - 4 - 2 = -2*v, -3*v - g + 9 = 0. Let j(s) = -5*s**2 + 3 + 2*s + 0*s + v*s**2. What is j(3)?
-9
Let b(g) be the second derivative of -g**5/20 + 5*g**4/6 + 5*g**3/3 + 6*g**2 + g + 2. Calculate b(11).
1
Suppose -2*o - o + m + 3 = 0, m = -4*o - 3. Let p(w) = w**3 + w**2 + w + 7. Give p(o).
7
Suppose -3*t = -3*j + 33, -4*j - 3 = 3*t - j. Let v(s) = 1 + s**3 + s**2 - 5*s**2 + 9*s**2 + 0 - 6*s. Give v(t).
1
Let f(w) = -w**2 + 7*w - 2. Let n be f(6). Let u = 7 - n. Let l(r) = -3 - 8 - 2*r + 13. Give l(u).
-4
Let q(k) = 0*k**3 + k**3 + 2*k**2 - k + 2 - k**2. Let a be q(0). Suppose 0 = 3*s + a + 1. Let l(t) = t**2 - 1. Give l(s).
0
Let x be 1*-2*(-2 + 1). Let v = x - -8. Suppose 5*i = -10 - v. Let b(h) = -h**2 - 4*h - 2. Determine b(i).
-2
Let p(t) be the second derivative of -t**3/6 + t**2/2 - t. Let c(y) = -y**3 + 9*y**2 - 21*y + 2. Let o be c(4). What is p(o)?
3
Suppose 0 - 12 = 3*s. Let n(c) = 7*c**2 - 9*c + 1. Let r(d) = -6*d**2 + 8*d - 1. Let u(f) = s*n(f) - 5*r(f). Give u(4).
17
Let h(y) = 14*y**2 - 1. Suppose 15 = -5*x + 4*i, -i + 7 = 5*x - 3. Give h(x).
13
Let l(d) = -d**3 + 4*d**2 - 2*d + 11. Let u(j) = -3*j**3 + 12*j**2 - 5*j + 32. Let m(a) = 17*l(a) - 6*u(a). Give m(5).
0
Let g(z) be the second derivative of -z**7/840 - z**6/72 - z**5/24 - z**4/24 + z**3/3 - 4*z. Let w(k) be the second derivative of g(k). What is w(-4)?
3
Suppose -3*f + 4*r = 2*f - 20, 0 = -r. Let p(z) = 4*z**3 - 7*z**2 + 3*z + 2. Let q(c) = 7*c**3 - 13*c**2 + 5*c + 5. Let x(i) = 5*p(i) - 3*q(i). Give x(f).
-5
Let f =